ainder when 1197 is divided by 84.
21
Calculate the remainder when 2197063 is divided by 593.
591
What is the remainder when 13029 is divided by 1178?
71
What is the remainder when 3485 is divided by 209?
141
What is the remainder when 227989 is divided by 329?
321
Calculate the remainder when 10858 is divided by 23.
2
Calculate the remainder when 251059 is divided by 158.
155
Calculate the remainder when 5331 is divided by 280.
11
Calculate the remainder when 10543 is divided by 340.
3
Calculate the remainder when 263899 is divided by 70.
69
Calculate the remainder when 672 is divided by 172.
156
Calculate the remainder when 574535 is divided by 42.
17
Calculate the remainder when 22222 is divided by 1859.
1773
What is the remainder when 1771 is divided by 708?
355
Calculate the remainder when 7512 is divided by 1851.
108
Calculate the remainder when 60012 is divided by 31.
27
Calculate the remainder when 774808 is divided by 4188.
28
Calculate the remainder when 2595 is divided by 519.
0
Calculate the remainder when 2883 is divided by 651.
279
What is the remainder when 1205 is divided by 301?
1
What is the remainder when 98477 is divided by 49237?
3
What is the remainder when 14385 is divided by 2874?
15
What is the remainder when 31425 is divided by 31414?
11
Calculate the remainder when 439723 is divided by 521.
520
What is the remainder when 50019 is divided by 16671?
6
Calculate the remainder when 217495 is divided by 365.
320
Calculate the remainder when 271156 is divided by 9684.
4
What is the remainder when 952 is divided by 172?
92
Calculate the remainder when 5809 is divided by 725.
9
What is the remainder when 477811 is divided by 373?
371
Calculate the remainder when 20328 is divided by 4062.
18
Calculate the remainder when 17923 is divided by 3580.
23
Calculate the remainder when 267 is divided by 93.
81
What is the remainder when 3895 is divided by 430?
25
Calculate the remainder when 6795 is divided by 13.
9
What is the remainder when 194698 is divided by 12?
10
Calculate the remainder when 150349 is divided by 116.
13
What is the remainder when 42483 is divided by 219?
216
What is the remainder when 22546 is divided by 480?
466
What is the remainder when 544810 is divided by 547?
545
Calculate the remainder when 240278 is divided by 11.
5
What is the remainder when 3013 is divided by 177?
4
Calculate the remainder when 66499 is divided by 125.
124
Calculate the remainder when 849384 is divided by 1397.
8
Calculate the remainder when 1934 is divided by 1364.
570
Calculate the remainder when 164474 is divided by 225.
224
Calculate the remainder when 169196 is divided by 225.
221
Calculate the remainder when 2929 is divided by 2926.
3
Calculate the remainder when 51987 is divided by 584.
11
What is the remainder when 19929 is divided by 332?
9
Calculate the remainder when 404110 is divided by 86.
82
What is the remainder when 198263 is divided by 198255?
8
What is the remainder when 26636 is divided by 1211?
1205
Calculate the remainder when 230540 is divided by 13.
11
What is the remainder when 1624271 is divided by 228?
227
Calculate the remainder when 172746 is divided by 162.
54
What is the remainder when 2050 is divided by 898?
254
What is the remainder when 555 is divided by 64?
43
Calculate the remainder when 38224 is divided by 11.
10
Calculate the remainder when 2035 is divided by 335.
25
Calculate the remainder when 198 is divided by 173.
25
What is the remainder when 79534 is divided by 26503?
25
What is the remainder when 190856 is divided by 63602?
50
Calculate the remainder when 2321 is divided by 159.
95
Calculate the remainder when 18529 is divided by 103.
92
Calculate the remainder when 3600 is divided by 212.
208
What is the remainder when 9207 is divided by 920?
7
Calculate the remainder when 1345 is divided by 54.
49
Calculate the remainder when 175 is divided by 17.
5
Calculate the remainder when 2211261 is divided by 223.
216
Calculate the remainder when 371 is divided by 41.
2
What is the remainder when 130577 is divided by 218?
213
What is the remainder when 30905 is divided by 542?
11
Calculate the remainder when 162696 is divided by 579.
576
What is the remainder when 10624 is divided by 29?
10
What is the remainder when 1734 is divided by 520?
174
What is the remainder when 9496 is divided by 9468?
28
Calculate the remainder when 4445 is divided by 32.
29
Calculate the remainder when 4763 is divided by 90.
83
Calculate the remainder when 3374 is divided by 123.
53
Calculate the remainder when 352771 is divided by 24.
19
Calculate the remainder when 3767 is divided by 1868.
31
Calculate the remainder when 10872 is divided by 3622.
6
What is the remainder when 762057 is divided by 26?
23
What is the remainder when 29562 is divided by 45?
42
What is the remainder when 12689 is divided by 144?
17
What is the remainder when 70485 is divided by 2141?
1973
Calculate the remainder when 5841 is divided by 2918.
5
What is the remainder when 265686 is divided by 304?
294
What is the remainder when 725 is divided by 587?
138
Calculate the remainder when 136251 is divided by 12.
3
What is the remainder when 2844047 is divided by 22?
19
Calculate the remainder when 2537 is divided by 232.
217
What is the remainder when 7651 is divided by 7649?
2
Calculate the remainder when 348681 is divided by 501.
486
What is the remainder when 34144 is divided by 11110?
814
Calculate the remainder when 9381 is divided by 9.
3
What is the remainder when 6644 is divided by 54?
2
Calculate the remainder when 1546200 is divided by 189.
180
Calculate the remainder when 15914 is divided by 3.
2
Calculate the remainder when 745 is divided by 76.
61
Calculate the remainder when 546212 is divided by 264.
260
Calculate the remainder when 45547 is divided by 17.
4
What is the remainder when 17765 is divided by 225?
215
What is the remainder when 3460 is divided by 158?
142
Calculate the remainder when 5262 is divided by 1299.
66
What is the remainder when 23693 is divided by 11831?
31
What is the remainder when 42864 is divided by 163?
158
Calculate the remainder when 755 is divided by 681.
74
What is the remainder when 18861 is divided by 3138?
33
Calculate the remainder when 21004 is divided by 10419.
166
Calculate the remainder when 403901 is divided by 38.
37
Calculate the remainder when 37554 is divided by 178.
174
What is the remainder when 116768 is divided by 11675?
18
What is the remainder when 58502 is divided by 325?
2
What is the remainder when 2073 is divided by 1035?
3
Calculate the remainder when 14756 is divided by 230.
36
What is the remainder when 309935 is divided by 88?
87
What is the remainder when 88835 is divided by 29611?
2
What is the remainder when 4380 is divided by 4163?
217
What is the remainder when 824478 is divided by 21?
18
What is the remainder when 259 is divided by 31?
11
What is the remainder when 64293 is divided by 15?
3
Calculate the remainder when 169877 is divided by 117.
110
Calculate the remainder when 20585 is divided by 1583.
6
Calculate the remainder when 1429 is divided by 1055.
374
What is the remainder when 552 is divided by 32?
8
Calculate the remainder when 328559 is divided by 29.
18
What is the remainder when 45975 is divided by 63?
48
What is the remainder when 17496 is divided by 5830?
6
Calculate the remainder when 2504 is divided by 606.
80
Calculate the remainder when 2141 is divided by 236.
17
What is the remainder when 324138 is divided by 47?
26
Calculate the remainder when 11358 is divided by 38.
34
What is the remainder when 24182 is divided by 8?
6
What is the remainder when 553 is divided by 497?
56
What is the remainder when 118261 is divided by 19?
5
Calculate the remainder when 395125 is divided by 52.
29
What is the remainder when 16343 is divided by 2706?
107
Calculate the remainder when 474797 is divided by 61.
34
What is the remainder when 520321 is divided by 22?
21
Calculate the remainder when 314290 is divided by 78572.
2
What is the remainder when 45097 is divided by 39?
13
What is the remainder when 6614 is divided by 16?
6
Calculate the remainder when 10899 is divided by 188.
183
Calculate the remainder when 35276 is divided by 17634.
8
Calculate the remaind